{"id":6966,"date":"2019-12-07T18:13:45","date_gmt":"2019-12-07T17:13:45","guid":{"rendered":"https:\/\/www.bremer-buendnis.de\/projekty\/"},"modified":"2025-10-23T12:08:29","modified_gmt":"2025-10-23T10:08:29","slug":"projekty","status":"publish","type":"page","link":"https:\/\/www.bremer-buendnis.de\/cs\/projekty\/","title":{"rendered":"Projekty"},"content":{"rendered":"\n<p class=\"has-text-align-left\">Zde se dozv\u00edte v\u00edce o projektech, na kter\u00fdch ji\u017e pracujeme. Jsme zv\u011bdav\u00ed na va\u0161e n\u00e1pady, kter\u00e9 byste cht\u011bli realizovat spole\u010dn\u011b s \u010desk\u00fdmi partnery. R\u00e1di v\u00e1m pom\u016f\u017eeme naj\u00edt vhodn\u00e9ho partnera pro v\u00e1\u0161 n\u00e1pad nebo v\u00e1m pom\u016f\u017eeme naj\u00edt mo\u017enosti financov\u00e1n\u00ed.  <\/p>\n\n<p class=\"has-text-align-left\"> <\/p>\n","protected":false},"excerpt":{"rendered":"<p>Zde se dozv\u00edte v\u00edce o projektech, na kter\u00fdch ji\u017e pracujeme. Jsme zv\u011bdav\u00ed na va\u0161e n\u00e1pady, kter\u00e9 byste cht\u011bli realizovat spole\u010dn\u011b s \u010desk\u00fdmi partnery. R\u00e1di v\u00e1m pom\u016f\u017eeme naj\u00edt vhodn\u00e9ho partnera pro v\u00e1\u0161 n\u00e1pad nebo v\u00e1m pom\u016f\u017eeme naj\u00edt mo\u017enosti financov\u00e1n\u00ed.<\/p>\n","protected":false},"author":9,"featured_media":0,"parent":0,"menu_order":0,"comment_status":"closed","ping_status":"closed","template":"","meta":{"footnotes":"","_links_to":"","_links_to_target":""},"class_list":["post-6966","page","type-page","status-publish","hentry"],"yoast_head":"<!-- This site is optimized with the Yoast SEO plugin v27.2 - https:\/\/yoast.com\/product\/yoast-seo-wordpress\/ -->\n<title>Projekty - Bremer B\u00fcndnis f\u00fcr deutsch-tschechische Zusammenarbeit<\/title>\n<meta name=\"robots\" content=\"index, follow, max-snippet:-1, max-image-preview:large, max-video-preview:-1\" \/>\n<link rel=\"canonical\" href=\"https:\/\/www.bremer-buendnis.de\/cs\/projekty\/\" \/>\n<meta property=\"og:locale\" content=\"cs_CZ\" \/>\n<meta property=\"og:type\" content=\"article\" \/>\n<meta property=\"og:title\" content=\"Projekty - Bremer B\u00fcndnis f\u00fcr deutsch-tschechische Zusammenarbeit\" \/>\n<meta property=\"og:description\" content=\"Zde se dozv\u00edte v\u00edce o projektech, na kter\u00fdch ji\u017e pracujeme. Jsme zv\u011bdav\u00ed na va\u0161e n\u00e1pady, kter\u00e9 byste cht\u011bli realizovat spole\u010dn\u011b s \u010desk\u00fdmi partnery. R\u00e1di v\u00e1m pom\u016f\u017eeme naj\u00edt vhodn\u00e9ho partnera pro v\u00e1\u0161 n\u00e1pad nebo v\u00e1m pom\u016f\u017eeme naj\u00edt mo\u017enosti financov\u00e1n\u00ed.\" \/>\n<meta property=\"og:url\" content=\"https:\/\/www.bremer-buendnis.de\/cs\/projekty\/\" \/>\n<meta property=\"og:site_name\" content=\"Bremer B\u00fcndnis f\u00fcr deutsch-tschechische Zusammenarbeit\" \/>\n<meta property=\"article:modified_time\" content=\"2025-10-23T10:08:29+00:00\" \/>\n<meta name=\"twitter:card\" content=\"summary_large_image\" \/>\n<script type=\"application\/ld+json\" class=\"yoast-schema-graph\">{\"@context\":\"https:\/\/schema.org\",\"@graph\":[{\"@type\":\"WebPage\",\"@id\":\"https:\/\/www.bremer-buendnis.de\/cs\/projekty\/\",\"url\":\"https:\/\/www.bremer-buendnis.de\/cs\/projekty\/\",\"name\":\"Projekty - Bremer B\u00fcndnis f\u00fcr deutsch-tschechische Zusammenarbeit\",\"isPartOf\":{\"@id\":\"https:\/\/www.bremer-buendnis.de\/cs\/#website\"},\"datePublished\":\"2019-12-07T17:13:45+00:00\",\"dateModified\":\"2025-10-23T10:08:29+00:00\",\"breadcrumb\":{\"@id\":\"https:\/\/www.bremer-buendnis.de\/cs\/projekty\/#breadcrumb\"},\"inLanguage\":\"cs\",\"potentialAction\":[{\"@type\":\"ReadAction\",\"target\":[\"https:\/\/www.bremer-buendnis.de\/cs\/projekty\/\"]}]},{\"@type\":\"BreadcrumbList\",\"@id\":\"https:\/\/www.bremer-buendnis.de\/cs\/projekty\/#breadcrumb\",\"itemListElement\":[{\"@type\":\"ListItem\",\"position\":1,\"name\":\"Startseite\",\"item\":\"https:\/\/www.bremer-buendnis.de\/cs\/domovska-stranka\/\"},{\"@type\":\"ListItem\",\"position\":2,\"name\":\"Projekty\"}]},{\"@type\":\"WebSite\",\"@id\":\"https:\/\/www.bremer-buendnis.de\/cs\/#website\",\"url\":\"https:\/\/www.bremer-buendnis.de\/cs\/\",\"name\":\"Bremer B\u00fcndnis f\u00fcr deutsch-tschechische Zusammenarbeit\",\"description\":\"Das Bremer B\u00fcndnis f\u00fcr deutsch-tschechische Zusammenarbeit e.V. b\u00fcndelt Ideen und Aktivit\u00e4ten mit dem Ziel, die deutsch-tschechische Zusammenarbeit zu f\u00f6rdern und deren Akteure zu vernetzen.\",\"publisher\":{\"@id\":\"https:\/\/www.bremer-buendnis.de\/cs\/#organization\"},\"potentialAction\":[{\"@type\":\"SearchAction\",\"target\":{\"@type\":\"EntryPoint\",\"urlTemplate\":\"https:\/\/www.bremer-buendnis.de\/cs\/?s={search_term_string}\"},\"query-input\":{\"@type\":\"PropertyValueSpecification\",\"valueRequired\":true,\"valueName\":\"search_term_string\"}}],\"inLanguage\":\"cs\"},{\"@type\":\"Organization\",\"@id\":\"https:\/\/www.bremer-buendnis.de\/cs\/#organization\",\"name\":\"Bremer B\u00fcndnis f\u00fcr deutsch-tschechische Zusammenarbeit\",\"url\":\"https:\/\/www.bremer-buendnis.de\/cs\/\",\"logo\":{\"@type\":\"ImageObject\",\"inLanguage\":\"cs\",\"@id\":\"https:\/\/www.bremer-buendnis.de\/cs\/#\/schema\/logo\/image\/\",\"url\":\"https:\/\/www.bremer-buendnis.de\/wp-content\/uploads\/2019\/12\/cropped-BB_Logo-long_white-1.png\",\"contentUrl\":\"https:\/\/www.bremer-buendnis.de\/wp-content\/uploads\/2019\/12\/cropped-BB_Logo-long_white-1.png\",\"width\":691,\"height\":250,\"caption\":\"Bremer B\u00fcndnis f\u00fcr deutsch-tschechische Zusammenarbeit\"},\"image\":{\"@id\":\"https:\/\/www.bremer-buendnis.de\/cs\/#\/schema\/logo\/image\/\"}}]}<\/script>\n<!-- \/ Yoast SEO plugin. -->","yoast_head_json":{"title":"Projekty - Bremer B\u00fcndnis f\u00fcr deutsch-tschechische Zusammenarbeit","robots":{"index":"index","follow":"follow","max-snippet":"max-snippet:-1","max-image-preview":"max-image-preview:large","max-video-preview":"max-video-preview:-1"},"canonical":"https:\/\/www.bremer-buendnis.de\/cs\/projekty\/","og_locale":"cs_CZ","og_type":"article","og_title":"Projekty - Bremer B\u00fcndnis f\u00fcr deutsch-tschechische Zusammenarbeit","og_description":"Zde se dozv\u00edte v\u00edce o projektech, na kter\u00fdch ji\u017e pracujeme. Jsme zv\u011bdav\u00ed na va\u0161e n\u00e1pady, kter\u00e9 byste cht\u011bli realizovat spole\u010dn\u011b s \u010desk\u00fdmi partnery. R\u00e1di v\u00e1m pom\u016f\u017eeme naj\u00edt vhodn\u00e9ho partnera pro v\u00e1\u0161 n\u00e1pad nebo v\u00e1m pom\u016f\u017eeme naj\u00edt mo\u017enosti financov\u00e1n\u00ed.","og_url":"https:\/\/www.bremer-buendnis.de\/cs\/projekty\/","og_site_name":"Bremer B\u00fcndnis f\u00fcr deutsch-tschechische Zusammenarbeit","article_modified_time":"2025-10-23T10:08:29+00:00","twitter_card":"summary_large_image","schema":{"@context":"https:\/\/schema.org","@graph":[{"@type":"WebPage","@id":"https:\/\/www.bremer-buendnis.de\/cs\/projekty\/","url":"https:\/\/www.bremer-buendnis.de\/cs\/projekty\/","name":"Projekty - Bremer B\u00fcndnis f\u00fcr deutsch-tschechische Zusammenarbeit","isPartOf":{"@id":"https:\/\/www.bremer-buendnis.de\/cs\/#website"},"datePublished":"2019-12-07T17:13:45+00:00","dateModified":"2025-10-23T10:08:29+00:00","breadcrumb":{"@id":"https:\/\/www.bremer-buendnis.de\/cs\/projekty\/#breadcrumb"},"inLanguage":"cs","potentialAction":[{"@type":"ReadAction","target":["https:\/\/www.bremer-buendnis.de\/cs\/projekty\/"]}]},{"@type":"BreadcrumbList","@id":"https:\/\/www.bremer-buendnis.de\/cs\/projekty\/#breadcrumb","itemListElement":[{"@type":"ListItem","position":1,"name":"Startseite","item":"https:\/\/www.bremer-buendnis.de\/cs\/domovska-stranka\/"},{"@type":"ListItem","position":2,"name":"Projekty"}]},{"@type":"WebSite","@id":"https:\/\/www.bremer-buendnis.de\/cs\/#website","url":"https:\/\/www.bremer-buendnis.de\/cs\/","name":"Bremer B\u00fcndnis f\u00fcr deutsch-tschechische Zusammenarbeit","description":"Das Bremer B\u00fcndnis f\u00fcr deutsch-tschechische Zusammenarbeit e.V. b\u00fcndelt Ideen und Aktivit\u00e4ten mit dem Ziel, die deutsch-tschechische Zusammenarbeit zu f\u00f6rdern und deren Akteure zu vernetzen.","publisher":{"@id":"https:\/\/www.bremer-buendnis.de\/cs\/#organization"},"potentialAction":[{"@type":"SearchAction","target":{"@type":"EntryPoint","urlTemplate":"https:\/\/www.bremer-buendnis.de\/cs\/?s={search_term_string}"},"query-input":{"@type":"PropertyValueSpecification","valueRequired":true,"valueName":"search_term_string"}}],"inLanguage":"cs"},{"@type":"Organization","@id":"https:\/\/www.bremer-buendnis.de\/cs\/#organization","name":"Bremer B\u00fcndnis f\u00fcr deutsch-tschechische Zusammenarbeit","url":"https:\/\/www.bremer-buendnis.de\/cs\/","logo":{"@type":"ImageObject","inLanguage":"cs","@id":"https:\/\/www.bremer-buendnis.de\/cs\/#\/schema\/logo\/image\/","url":"https:\/\/www.bremer-buendnis.de\/wp-content\/uploads\/2019\/12\/cropped-BB_Logo-long_white-1.png","contentUrl":"https:\/\/www.bremer-buendnis.de\/wp-content\/uploads\/2019\/12\/cropped-BB_Logo-long_white-1.png","width":691,"height":250,"caption":"Bremer B\u00fcndnis f\u00fcr deutsch-tschechische Zusammenarbeit"},"image":{"@id":"https:\/\/www.bremer-buendnis.de\/cs\/#\/schema\/logo\/image\/"}}]}},"_links":{"self":[{"href":"https:\/\/www.bremer-buendnis.de\/cs\/wp-json\/wp\/v2\/pages\/6966","targetHints":{"allow":["GET"]}}],"collection":[{"href":"https:\/\/www.bremer-buendnis.de\/cs\/wp-json\/wp\/v2\/pages"}],"about":[{"href":"https:\/\/www.bremer-buendnis.de\/cs\/wp-json\/wp\/v2\/types\/page"}],"author":[{"embeddable":true,"href":"https:\/\/www.bremer-buendnis.de\/cs\/wp-json\/wp\/v2\/users\/9"}],"replies":[{"embeddable":true,"href":"https:\/\/www.bremer-buendnis.de\/cs\/wp-json\/wp\/v2\/comments?post=6966"}],"version-history":[{"count":1,"href":"https:\/\/www.bremer-buendnis.de\/cs\/wp-json\/wp\/v2\/pages\/6966\/revisions"}],"predecessor-version":[{"id":6967,"href":"https:\/\/www.bremer-buendnis.de\/cs\/wp-json\/wp\/v2\/pages\/6966\/revisions\/6967"}],"wp:attachment":[{"href":"https:\/\/www.bremer-buendnis.de\/cs\/wp-json\/wp\/v2\/media?parent=6966"}],"curies":[{"name":"wp","href":"https:\/\/api.w.org\/{rel}","templated":true}]}}

<p class="has-text-align-left">Zde se dozvíte více o projektech, na kterých již pracujeme. Jsme zvědaví na vaše nápady, které byste chtěli realizovat společně s českými partnery. Rádi vám pomůžeme najít vhodného partnera pro váš nápad nebo vám pomůžeme najít možnosti financování.  </p>

<p class="has-text-align-left"> </p>

<p>Zde se dozvíte více o projektech, na kterých již pracujeme. Jsme zvědaví na vaše nápady, které byste chtěli realizovat společně s českými partnery. Rádi vám pomůžeme najít vhodného partnera pro váš nápad nebo vám pomůžeme najít možnosti financování.</p>

<!-- This site is optimized with the Yoast SEO plugin v27.2 - https://yoast.com/product/yoast-seo-wordpress/ -->
<title>Projekty - Bremer Bündnis für deutsch-tschechische Zusammenarbeit</title>
<meta name="robots" content="index, follow, max-snippet:-1, max-image-preview:large, max-video-preview:-1" />
<link rel="canonical" href="https://www.bremer-buendnis.de/cs/projekty/" />
<meta property="og:locale" content="cs_CZ" />
<meta property="og:type" content="article" />
<meta property="og:title" content="Projekty - Bremer Bündnis für deutsch-tschechische Zusammenarbeit" />
<meta property="og:description" content="Zde se dozvíte více o projektech, na kterých již pracujeme. Jsme zvědaví na vaše nápady, které byste chtěli realizovat společně s českými partnery. Rádi vám pomůžeme najít vhodného partnera pro váš nápad nebo vám pomůžeme najít možnosti financování." />
<meta property="og:url" content="https://www.bremer-buendnis.de/cs/projekty/" />
<meta property="og:site_name" content="Bremer Bündnis für deutsch-tschechische Zusammenarbeit" />
<meta property="article:modified_time" content="2025-10-23T10:08:29+00:00" />
<meta name="twitter:card" content="summary_large_image" />
<script type="application/ld+json" class="yoast-schema-graph">{"@context":"https://schema.org","@graph":[{"@type":"WebPage","@id":"https://www.bremer-buendnis.de/cs/projekty/","url":"https://www.bremer-buendnis.de/cs/projekty/","name":"Projekty - Bremer Bündnis für deutsch-tschechische Zusammenarbeit","isPartOf":{"@id":"https://www.bremer-buendnis.de/cs/#website"},"datePublished":"2019-12-07T17:13:45+00:00","dateModified":"2025-10-23T10:08:29+00:00","breadcrumb":{"@id":"https://www.bremer-buendnis.de/cs/projekty/#breadcrumb"},"inLanguage":"cs","potentialAction":[{"@type":"ReadAction","target":["https://www.bremer-buendnis.de/cs/projekty/"]}]},{"@type":"BreadcrumbList","@id":"https://www.bremer-buendnis.de/cs/projekty/#breadcrumb","itemListElement":[{"@type":"ListItem","position":1,"name":"Startseite","item":"https://www.bremer-buendnis.de/cs/domovska-stranka/"},{"@type":"ListItem","position":2,"name":"Projekty"}]},{"@type":"WebSite","@id":"https://www.bremer-buendnis.de/cs/#website","url":"https://www.bremer-buendnis.de/cs/","name":"Bremer Bündnis für deutsch-tschechische Zusammenarbeit","description":"Das Bremer Bündnis für deutsch-tschechische Zusammenarbeit e.V. bündelt Ideen und Aktivitäten mit dem Ziel, die deutsch-tschechische Zusammenarbeit zu fördern und deren Akteure zu vernetzen.","publisher":{"@id":"https://www.bremer-buendnis.de/cs/#organization"},"potentialAction":[{"@type":"SearchAction","target":{"@type":"EntryPoint","urlTemplate":"https://www.bremer-buendnis.de/cs/?s={search_term_string}"},"query-input":{"@type":"PropertyValueSpecification","valueRequired":true,"valueName":"search_term_string"}}],"inLanguage":"cs"},{"@type":"Organization","@id":"https://www.bremer-buendnis.de/cs/#organization","name":"Bremer Bündnis für deutsch-tschechische Zusammenarbeit","url":"https://www.bremer-buendnis.de/cs/","logo":{"@type":"ImageObject","inLanguage":"cs","@id":"https://www.bremer-buendnis.de/cs/#/schema/logo/image/","url":"https://www.bremer-buendnis.de/wp-content/uploads/2019/12/cropped-BB_Logo-long_white-1.png","contentUrl":"https://www.bremer-buendnis.de/wp-content/uploads/2019/12/cropped-BB_Logo-long_white-1.png","width":691,"height":250,"caption":"Bremer Bündnis für deutsch-tschechische Zusammenarbeit"},"image":{"@id":"https://www.bremer-buendnis.de/cs/#/schema/logo/image/"}}]}</script>
<!-- / Yoast SEO plugin. -->

Projekty - Bremer Bündnis für deutsch-tschechische Zusammenarbeit

Zde se dozvíte více o projektech, na kterých již pracujeme. Jsme zvědaví na vaše nápady, které byste chtěli realizovat společně s českými partnery. Rádi vám pomůžeme najít vhodného partnera pro váš nápad nebo vám pomůžeme najít možnosti financování.

Bremer Bündnis für deutsch-tschechische Zusammenarbeit

Das Bremer Bündnis für deutsch-tschechische Zusammenarbeit e.V. bündelt Ideen und Aktivitäten mit dem Ziel, die deutsch-tschechische Zusammenarbeit zu fördern und deren Akteure zu vernetzen.
