{"id":5838,"date":"2022-07-11T12:14:02","date_gmt":"2022-07-11T10:14:02","guid":{"rendered":"https:\/\/www.bremer-buendnis.de\/cultural-and-meeting-places\/"},"modified":"2025-02-10T13:15:45","modified_gmt":"2025-02-10T12:15:45","slug":"cultural-and-meeting-places","status":"publish","type":"page","link":"https:\/\/www.bremer-buendnis.de\/en\/cultural-and-meeting-places\/","title":{"rendered":"Cultural and meeting places"},"content":{"rendered":"\t\t<div data-elementor-type=\"wp-page\" data-elementor-id=\"5838\" class=\"elementor elementor-5838 elementor-1585\" data-elementor-post-type=\"page\">\n\t\t\t\t\t\t<section data-particle_enable=\"false\" data-particle-mobile-disabled=\"false\" class=\"elementor-section elementor-top-section elementor-element elementor-element-405f453 elementor-section-boxed elementor-section-height-default elementor-section-height-default\" data-id=\"405f453\" data-element_type=\"section\" data-e-type=\"section\">\n\t\t\t\t\t\t<div class=\"elementor-container elementor-column-gap-default\">\n\t\t\t\t\t<div class=\"elementor-column elementor-col-100 elementor-top-column elementor-element elementor-element-174bf5d\" data-id=\"174bf5d\" data-element_type=\"column\" data-e-type=\"column\">\n\t\t\t<div class=\"elementor-widget-wrap elementor-element-populated\">\n\t\t\t\t\t\t<div class=\"elementor-element elementor-element-1c43ed3 elementor-widget elementor-widget-heading\" data-id=\"1c43ed3\" data-element_type=\"widget\" data-e-type=\"widget\" data-widget_type=\"heading.default\">\n\t\t\t\t<div class=\"elementor-widget-container\">\n\t\t\t\t\t<h2 class=\"elementor-heading-title elementor-size-default\">Cultural and meeting places<\/h2>\t\t\t\t<\/div>\n\t\t\t\t<\/div>\n\t\t\t\t<div class=\"elementor-element elementor-element-85dbd9d elementor-widget elementor-widget-text-editor\" data-id=\"85dbd9d\" data-element_type=\"widget\" data-e-type=\"widget\" data-widget_type=\"text-editor.default\">\n\t\t\t\t<div class=\"elementor-widget-container\">\n\t\t\t\t\t\t\t\t\t<p>Here we are pleased to provide you with an overview of various cultural and meeting places that show relevant places for German-Czech cooperation.<br \/>These belong, for example, to the categories literature, meetings, exhibitions, film, culture and politics. All venues can be filtered by category and country, which changes the display on the map. The map can be zoomed in and out using the mouse or a 2-finger movement.<\/p>\n<p>Click on the respective location for details, including an external link to the respective website or route on Google Maps (external link).<\/p>\n\t\t\t\t\t\t\t\t<\/div>\n\t\t\t\t<\/div>\n\t\t\t\t\t<\/div>\n\t\t<\/div>\n\t\t\t\t\t<\/div>\n\t\t<\/section>\n\t\t\t\t<section data-particle_enable=\"false\" data-particle-mobile-disabled=\"false\" class=\"elementor-section elementor-top-section elementor-element elementor-element-ecdba94 storefinder elementor-section-boxed elementor-section-height-default elementor-section-height-default\" data-id=\"ecdba94\" data-element_type=\"section\" data-e-type=\"section\">\n\t\t\t\t\t\t<div class=\"elementor-container elementor-column-gap-default\">\n\t\t\t\t\t<div class=\"elementor-column elementor-col-100 elementor-top-column elementor-element elementor-element-d7c7194\" data-id=\"d7c7194\" data-element_type=\"column\" data-e-type=\"column\">\n\t\t\t<div class=\"elementor-widget-wrap elementor-element-populated\">\n\t\t\t\t\t\t<div class=\"elementor-element elementor-element-0f8902c elementor-widget elementor-widget-shortcode\" data-id=\"0f8902c\" data-element_type=\"widget\" data-e-type=\"widget\" data-widget_type=\"shortcode.default\">\n\t\t\t\t<div class=\"elementor-widget-container\">\n\t\t\t\t\t\t\t<div class=\"elementor-shortcode\"><\/div>\n\t\t\t\t\t\t<\/div>\n\t\t\t\t<\/div>\n\t\t\t\t\t<\/div>\n\t\t<\/div>\n\t\t\t\t\t<\/div>\n\t\t<\/section>\n\t\t\t\t<\/div>\n\t\t","protected":false},"excerpt":{"rendered":"<p>Cultural and meeting places Here we are pleased to provide you with an overview of various cultural and meeting places that show relevant places for German-Czech cooperation.These belong, for example, to the categories literature, meetings, exhibitions, film, culture and politics. All venues can be filtered by category and country, which changes the display on the &hellip; <\/p>\n<p class=\"link-more\"><a href=\"https:\/\/www.bremer-buendnis.de\/en\/cultural-and-meeting-places\/\" class=\"more-link\">Continue reading<span class=\"screen-reader-text\"> &#8220;Cultural and meeting places&#8221;<\/span><\/a><\/p>\n","protected":false},"author":3,"featured_media":0,"parent":0,"menu_order":0,"comment_status":"closed","ping_status":"closed","template":"","meta":{"footnotes":"","_links_to":"","_links_to_target":""},"class_list":["post-5838","page","type-page","status-publish","hentry"],"yoast_head":"<!-- This site is optimized with the Yoast SEO plugin v27.2 - https:\/\/yoast.com\/product\/yoast-seo-wordpress\/ -->\n<title>Cultural and meeting places - Bremer B\u00fcndnis f\u00fcr deutsch-tschechische Zusammenarbeit<\/title>\n<meta name=\"robots\" content=\"index, follow, max-snippet:-1, max-image-preview:large, max-video-preview:-1\" \/>\n<link rel=\"canonical\" href=\"https:\/\/www.bremer-buendnis.de\/en\/cultural-and-meeting-places\/\" \/>\n<meta property=\"og:locale\" content=\"en_US\" \/>\n<meta property=\"og:type\" content=\"article\" \/>\n<meta property=\"og:title\" content=\"Cultural and meeting places - Bremer B\u00fcndnis f\u00fcr deutsch-tschechische Zusammenarbeit\" \/>\n<meta property=\"og:description\" content=\"Cultural and meeting places Here we are pleased to provide you with an overview of various cultural and meeting places that show relevant places for German-Czech cooperation.These belong, for example, to the categories literature, meetings, exhibitions, film, culture and politics. All venues can be filtered by category and country, which changes the display on the &hellip; Continue reading &quot;Cultural and meeting places&quot;\" \/>\n<meta property=\"og:url\" content=\"https:\/\/www.bremer-buendnis.de\/en\/cultural-and-meeting-places\/\" \/>\n<meta property=\"og:site_name\" content=\"Bremer B\u00fcndnis f\u00fcr deutsch-tschechische Zusammenarbeit\" \/>\n<meta property=\"article:modified_time\" content=\"2025-02-10T12:15:45+00:00\" \/>\n<meta name=\"twitter:card\" content=\"summary_large_image\" \/>\n<script type=\"application\/ld+json\" class=\"yoast-schema-graph\">{\"@context\":\"https:\/\/schema.org\",\"@graph\":[{\"@type\":\"WebPage\",\"@id\":\"https:\/\/www.bremer-buendnis.de\/en\/cultural-and-meeting-places\/\",\"url\":\"https:\/\/www.bremer-buendnis.de\/en\/cultural-and-meeting-places\/\",\"name\":\"Cultural and meeting places - Bremer B\u00fcndnis f\u00fcr deutsch-tschechische Zusammenarbeit\",\"isPartOf\":{\"@id\":\"https:\/\/www.bremer-buendnis.de\/en\/#website\"},\"datePublished\":\"2022-07-11T10:14:02+00:00\",\"dateModified\":\"2025-02-10T12:15:45+00:00\",\"breadcrumb\":{\"@id\":\"https:\/\/www.bremer-buendnis.de\/en\/cultural-and-meeting-places\/#breadcrumb\"},\"inLanguage\":\"en-US\",\"potentialAction\":[{\"@type\":\"ReadAction\",\"target\":[\"https:\/\/www.bremer-buendnis.de\/en\/cultural-and-meeting-places\/\"]}]},{\"@type\":\"BreadcrumbList\",\"@id\":\"https:\/\/www.bremer-buendnis.de\/en\/cultural-and-meeting-places\/#breadcrumb\",\"itemListElement\":[{\"@type\":\"ListItem\",\"position\":1,\"name\":\"Startseite\",\"item\":\"https:\/\/www.bremer-buendnis.de\/en\/home-page\/\"},{\"@type\":\"ListItem\",\"position\":2,\"name\":\"Cultural and meeting places\"}]},{\"@type\":\"WebSite\",\"@id\":\"https:\/\/www.bremer-buendnis.de\/en\/#website\",\"url\":\"https:\/\/www.bremer-buendnis.de\/en\/\",\"name\":\"Bremer B\u00fcndnis f\u00fcr deutsch-tschechische Zusammenarbeit\",\"description\":\"Das Bremer B\u00fcndnis f\u00fcr deutsch-tschechische Zusammenarbeit e.V. b\u00fcndelt Ideen und Aktivit\u00e4ten mit dem Ziel, die deutsch-tschechische Zusammenarbeit zu f\u00f6rdern und deren Akteure zu vernetzen.\",\"publisher\":{\"@id\":\"https:\/\/www.bremer-buendnis.de\/en\/#organization\"},\"potentialAction\":[{\"@type\":\"SearchAction\",\"target\":{\"@type\":\"EntryPoint\",\"urlTemplate\":\"https:\/\/www.bremer-buendnis.de\/en\/?s={search_term_string}\"},\"query-input\":{\"@type\":\"PropertyValueSpecification\",\"valueRequired\":true,\"valueName\":\"search_term_string\"}}],\"inLanguage\":\"en-US\"},{\"@type\":\"Organization\",\"@id\":\"https:\/\/www.bremer-buendnis.de\/en\/#organization\",\"name\":\"Bremer B\u00fcndnis f\u00fcr deutsch-tschechische Zusammenarbeit\",\"url\":\"https:\/\/www.bremer-buendnis.de\/en\/\",\"logo\":{\"@type\":\"ImageObject\",\"inLanguage\":\"en-US\",\"@id\":\"https:\/\/www.bremer-buendnis.de\/en\/#\/schema\/logo\/image\/\",\"url\":\"https:\/\/www.bremer-buendnis.de\/wp-content\/uploads\/2019\/12\/cropped-BB_Logo-long_white-1.png\",\"contentUrl\":\"https:\/\/www.bremer-buendnis.de\/wp-content\/uploads\/2019\/12\/cropped-BB_Logo-long_white-1.png\",\"width\":691,\"height\":250,\"caption\":\"Bremer B\u00fcndnis f\u00fcr deutsch-tschechische Zusammenarbeit\"},\"image\":{\"@id\":\"https:\/\/www.bremer-buendnis.de\/en\/#\/schema\/logo\/image\/\"}}]}<\/script>\n<!-- \/ Yoast SEO plugin. -->","yoast_head_json":{"title":"Cultural and meeting places - Bremer B\u00fcndnis f\u00fcr deutsch-tschechische Zusammenarbeit","robots":{"index":"index","follow":"follow","max-snippet":"max-snippet:-1","max-image-preview":"max-image-preview:large","max-video-preview":"max-video-preview:-1"},"canonical":"https:\/\/www.bremer-buendnis.de\/en\/cultural-and-meeting-places\/","og_locale":"en_US","og_type":"article","og_title":"Cultural and meeting places - Bremer B\u00fcndnis f\u00fcr deutsch-tschechische Zusammenarbeit","og_description":"Cultural and meeting places Here we are pleased to provide you with an overview of various cultural and meeting places that show relevant places for German-Czech cooperation.These belong, for example, to the categories literature, meetings, exhibitions, film, culture and politics. All venues can be filtered by category and country, which changes the display on the &hellip; Continue reading \"Cultural and meeting places\"","og_url":"https:\/\/www.bremer-buendnis.de\/en\/cultural-and-meeting-places\/","og_site_name":"Bremer B\u00fcndnis f\u00fcr deutsch-tschechische Zusammenarbeit","article_modified_time":"2025-02-10T12:15:45+00:00","twitter_card":"summary_large_image","schema":{"@context":"https:\/\/schema.org","@graph":[{"@type":"WebPage","@id":"https:\/\/www.bremer-buendnis.de\/en\/cultural-and-meeting-places\/","url":"https:\/\/www.bremer-buendnis.de\/en\/cultural-and-meeting-places\/","name":"Cultural and meeting places - Bremer B\u00fcndnis f\u00fcr deutsch-tschechische Zusammenarbeit","isPartOf":{"@id":"https:\/\/www.bremer-buendnis.de\/en\/#website"},"datePublished":"2022-07-11T10:14:02+00:00","dateModified":"2025-02-10T12:15:45+00:00","breadcrumb":{"@id":"https:\/\/www.bremer-buendnis.de\/en\/cultural-and-meeting-places\/#breadcrumb"},"inLanguage":"en-US","potentialAction":[{"@type":"ReadAction","target":["https:\/\/www.bremer-buendnis.de\/en\/cultural-and-meeting-places\/"]}]},{"@type":"BreadcrumbList","@id":"https:\/\/www.bremer-buendnis.de\/en\/cultural-and-meeting-places\/#breadcrumb","itemListElement":[{"@type":"ListItem","position":1,"name":"Startseite","item":"https:\/\/www.bremer-buendnis.de\/en\/home-page\/"},{"@type":"ListItem","position":2,"name":"Cultural and meeting places"}]},{"@type":"WebSite","@id":"https:\/\/www.bremer-buendnis.de\/en\/#website","url":"https:\/\/www.bremer-buendnis.de\/en\/","name":"Bremer B\u00fcndnis f\u00fcr deutsch-tschechische Zusammenarbeit","description":"Das Bremer B\u00fcndnis f\u00fcr deutsch-tschechische Zusammenarbeit e.V. b\u00fcndelt Ideen und Aktivit\u00e4ten mit dem Ziel, die deutsch-tschechische Zusammenarbeit zu f\u00f6rdern und deren Akteure zu vernetzen.","publisher":{"@id":"https:\/\/www.bremer-buendnis.de\/en\/#organization"},"potentialAction":[{"@type":"SearchAction","target":{"@type":"EntryPoint","urlTemplate":"https:\/\/www.bremer-buendnis.de\/en\/?s={search_term_string}"},"query-input":{"@type":"PropertyValueSpecification","valueRequired":true,"valueName":"search_term_string"}}],"inLanguage":"en-US"},{"@type":"Organization","@id":"https:\/\/www.bremer-buendnis.de\/en\/#organization","name":"Bremer B\u00fcndnis f\u00fcr deutsch-tschechische Zusammenarbeit","url":"https:\/\/www.bremer-buendnis.de\/en\/","logo":{"@type":"ImageObject","inLanguage":"en-US","@id":"https:\/\/www.bremer-buendnis.de\/en\/#\/schema\/logo\/image\/","url":"https:\/\/www.bremer-buendnis.de\/wp-content\/uploads\/2019\/12\/cropped-BB_Logo-long_white-1.png","contentUrl":"https:\/\/www.bremer-buendnis.de\/wp-content\/uploads\/2019\/12\/cropped-BB_Logo-long_white-1.png","width":691,"height":250,"caption":"Bremer B\u00fcndnis f\u00fcr deutsch-tschechische Zusammenarbeit"},"image":{"@id":"https:\/\/www.bremer-buendnis.de\/en\/#\/schema\/logo\/image\/"}}]}},"_links":{"self":[{"href":"https:\/\/www.bremer-buendnis.de\/en\/wp-json\/wp\/v2\/pages\/5838","targetHints":{"allow":["GET"]}}],"collection":[{"href":"https:\/\/www.bremer-buendnis.de\/en\/wp-json\/wp\/v2\/pages"}],"about":[{"href":"https:\/\/www.bremer-buendnis.de\/en\/wp-json\/wp\/v2\/types\/page"}],"author":[{"embeddable":true,"href":"https:\/\/www.bremer-buendnis.de\/en\/wp-json\/wp\/v2\/users\/3"}],"replies":[{"embeddable":true,"href":"https:\/\/www.bremer-buendnis.de\/en\/wp-json\/wp\/v2\/comments?post=5838"}],"version-history":[{"count":1,"href":"https:\/\/www.bremer-buendnis.de\/en\/wp-json\/wp\/v2\/pages\/5838\/revisions"}],"predecessor-version":[{"id":5839,"href":"https:\/\/www.bremer-buendnis.de\/en\/wp-json\/wp\/v2\/pages\/5838\/revisions\/5839"}],"wp:attachment":[{"href":"https:\/\/www.bremer-buendnis.de\/en\/wp-json\/wp\/v2\/media?parent=5838"}],"curies":[{"name":"wp","href":"https:\/\/api.w.org\/{rel}","templated":true}]}}

<!-- This site is optimized with the Yoast SEO plugin v27.2 - https://yoast.com/product/yoast-seo-wordpress/ -->
<title>Cultural and meeting places - Bremer Bündnis für deutsch-tschechische Zusammenarbeit</title>
<meta name="robots" content="index, follow, max-snippet:-1, max-image-preview:large, max-video-preview:-1" />
<link rel="canonical" href="https://www.bremer-buendnis.de/en/cultural-and-meeting-places/" />
<meta property="og:locale" content="en_US" />
<meta property="og:type" content="article" />
<meta property="og:title" content="Cultural and meeting places - Bremer Bündnis für deutsch-tschechische Zusammenarbeit" />
<meta property="og:description" content="Cultural and meeting places Here we are pleased to provide you with an overview of various cultural and meeting places that show relevant places for German-Czech cooperation.These belong, for example, to the categories literature, meetings, exhibitions, film, culture and politics. All venues can be filtered by category and country, which changes the display on the &hellip; Continue reading &quot;Cultural and meeting places&quot;" />
<meta property="og:url" content="https://www.bremer-buendnis.de/en/cultural-and-meeting-places/" />
<meta property="og:site_name" content="Bremer Bündnis für deutsch-tschechische Zusammenarbeit" />
<meta property="article:modified_time" content="2025-02-10T12:15:45+00:00" />
<meta name="twitter:card" content="summary_large_image" />
<script type="application/ld+json" class="yoast-schema-graph">{"@context":"https://schema.org","@graph":[{"@type":"WebPage","@id":"https://www.bremer-buendnis.de/en/cultural-and-meeting-places/","url":"https://www.bremer-buendnis.de/en/cultural-and-meeting-places/","name":"Cultural and meeting places - Bremer Bündnis für deutsch-tschechische Zusammenarbeit","isPartOf":{"@id":"https://www.bremer-buendnis.de/en/#website"},"datePublished":"2022-07-11T10:14:02+00:00","dateModified":"2025-02-10T12:15:45+00:00","breadcrumb":{"@id":"https://www.bremer-buendnis.de/en/cultural-and-meeting-places/#breadcrumb"},"inLanguage":"en-US","potentialAction":[{"@type":"ReadAction","target":["https://www.bremer-buendnis.de/en/cultural-and-meeting-places/"]}]},{"@type":"BreadcrumbList","@id":"https://www.bremer-buendnis.de/en/cultural-and-meeting-places/#breadcrumb","itemListElement":[{"@type":"ListItem","position":1,"name":"Startseite","item":"https://www.bremer-buendnis.de/en/home-page/"},{"@type":"ListItem","position":2,"name":"Cultural and meeting places"}]},{"@type":"WebSite","@id":"https://www.bremer-buendnis.de/en/#website","url":"https://www.bremer-buendnis.de/en/","name":"Bremer Bündnis für deutsch-tschechische Zusammenarbeit","description":"Das Bremer Bündnis für deutsch-tschechische Zusammenarbeit e.V. bündelt Ideen und Aktivitäten mit dem Ziel, die deutsch-tschechische Zusammenarbeit zu fördern und deren Akteure zu vernetzen.","publisher":{"@id":"https://www.bremer-buendnis.de/en/#organization"},"potentialAction":[{"@type":"SearchAction","target":{"@type":"EntryPoint","urlTemplate":"https://www.bremer-buendnis.de/en/?s={search_term_string}"},"query-input":{"@type":"PropertyValueSpecification","valueRequired":true,"valueName":"search_term_string"}}],"inLanguage":"en-US"},{"@type":"Organization","@id":"https://www.bremer-buendnis.de/en/#organization","name":"Bremer Bündnis für deutsch-tschechische Zusammenarbeit","url":"https://www.bremer-buendnis.de/en/","logo":{"@type":"ImageObject","inLanguage":"en-US","@id":"https://www.bremer-buendnis.de/en/#/schema/logo/image/","url":"https://www.bremer-buendnis.de/wp-content/uploads/2019/12/cropped-BB_Logo-long_white-1.png","contentUrl":"https://www.bremer-buendnis.de/wp-content/uploads/2019/12/cropped-BB_Logo-long_white-1.png","width":691,"height":250,"caption":"Bremer Bündnis für deutsch-tschechische Zusammenarbeit"},"image":{"@id":"https://www.bremer-buendnis.de/en/#/schema/logo/image/"}}]}</script>
<!-- / Yoast SEO plugin. -->

Cultural and meeting places - Bremer Bündnis für deutsch-tschechische Zusammenarbeit

Bremer Bündnis für deutsch-tschechische Zusammenarbeit

Das Bremer Bündnis für deutsch-tschechische Zusammenarbeit e.V. bündelt Ideen und Aktivitäten mit dem Ziel, die deutsch-tschechische Zusammenarbeit zu fördern und deren Akteure zu vernetzen.
